x = g - 124, 2*g = -3*x - 0*g + 128. Suppose -4*o - 10 = -94. Calculate the remainder when x is divided by o.
19
Let p be -1 + (5 + -1)/1. What is the remainder when 38 is divided by (26/(-4))/(p/(-6))?
12
Let k(f) = f**2 + 8*f + 7. Let v(m) = -4*m + 1. Let y be v(2). Let d be k(y). Suppose d = -5*o - 50 + 155. What is the remainder when 41 is divided by o?
20
Suppose 44*j - 45*j + 114 = 0. What is the remainder when j is divided by 23?
22
Let s be (2 - 20)*(-9)/(-6). Let y = 42 + s. Suppose 0 = 2*r - 72 - 14. What is the remainder when r is divided by y?
13
Let q(i) = i**3 - 13*i**2 + 12*i + 8. Calculate the remainder when 14 is divided by q(12).
6
Suppose 4*o - 48 = -4*x, 3*o + 7*x - 30 = 2*x. Calculate the remainder when o is divided by 9.
6
Suppose 2*p = v - 25 - 2, -2*v + p + 60 = 0. Calculate the remainder when v is divided by 8.
7
Let o(w) = w**2 + 2*w - 1. Calculate the remainder when o(-10) is divided by 20.
19
Suppose -2*v + 3*c + 10 = 1, -5*c - 17 = -4*v. What is the remainder when 27 is divided by v?
0
Let p(h) = -h - 3. Let j be p(-5). Suppose -j*a + 3 = 11. Calculate the remainder when 34 is divided by (-50)/a - 2/4.
10
Suppose 1 = t - 34. Suppose 4 = 2*l - 4*i, i = 6*i - 25. Suppose m + 0 - l = 0. What is the remainder when t is divided by m?
11
Suppose -60 = -b + 5*a, 2*b - 4*b = -5*a - 140. Suppose 3*o + o - b = 0. Calculate the remainder when o is divided by 7.
6
Let p(l) = -l**2 - 8*l - 5. Let m be (-1*1)/((-1)/(-3)). Calculate the remainder when p(-5) is divided by (m/(-2))/(6/24).
4
Let y be 12*17 + (-5 - -2). Suppose -8*q + 3*n + 170 = -4*q, -5*q - 2*n + y = 0. Calculate the remainder when q is divided by (40/2)/2 - -1.
8
Let h be 4/4*1 - 20. Let l = -16 - h. What is the remainder when 9 is divided by l?
0
Let y = 9 + -10. Calculate the remainder when 61 is divided by y/(-3) - 94/(-6).
13
Suppose h + 0*h = -58. Let i = -41 - h. Let y(a) = -a**3 + 7*a**2 - 2*a + 9. Calculate the remainder when y(6) is divided by i.
16
Let q = -4 - -36. Suppose 0*w = w - 7. What is the remainder when q is divided by w?
4
Suppose -5*k - 5*o + 107 = 22, 0 = k + 5*o - 29. What is the remainder when k is divided by 9?
5
Let l = 22 - 16. What is the remainder when 48 is divided by l/(-9) - 53/(-3)?
14
Let p = -99 - -124. What is the remainder when 123 is divided by p?
23
Suppose -2*j + 5*c = 42 + 29, 0 = 3*j + 4*c + 141. Let w = 26 + j. Let v = -1 - w. Calculate the remainder when 47 is divided by v.
15
Suppose 2*w + 4*x - 16 = 0, -3*w + x + 50 = w. Calculate the remainder when 33 is divided by w.
9
Suppose -3*h + 990 - 65 = -4*d, 5*d + 1151 = 2*h. Let i = 324 + d. What is the remainder when i is divided by 24?
23
Let h = 8 + -4. Suppose s + g = 49, h*s - 251 = -s - 3*g. Suppose p = -2*p - 9, -5*o - p = -s. What is the remainder when o is divided by 4?
3
Suppose 31 + 79 = 2*c. What is the remainder when c is divided by 19?
17
Suppose 52 = -0*l + 2*l. Suppose -26 = -a + l. Let k = 12 - -6. What is the remainder when a is divided by k?
16
Calculate the remainder when (-3)/15*-5 - -182 is divided by 31.
28
Let q = -57 + -3. What is the remainder when 6*(-1 + q/(-9)) is divided by 12?
10
Suppose 2*u - 7*u = -25. Let g(a) = a - 2. Let t be g(u). Suppose t*x - 4*x = -35. Calculate the remainder when x is divided by 12.
11
Suppose u + 138 = 5*o + 9, -2*o + 54 = -u. Let z = o + -15. What is the remainder when z is divided by 6?
4
Let r be 5*(24/15)/4. Let p = 18 - r. Calculate the remainder when 62 is divided by p.
14
Let h(m) = m**3 + 5*m**2 - 8*m - 7. Calculate the remainder when 13 is divided by h(-6).
3
Suppose -36 = -2*p - 2*l + 20, 3*p = -l + 74. What is the remainder when p + (-10)/2 + 3 is divided by 8?
5
Let v = -2 + 5. Let x be ((-4)/v)/((-4)/6). Suppose j = x*j - 19. Calculate the remainder when 56 is divided by j.
18
Suppose 3*z - 161 = -14. Let p = z - 33. Calculate the remainder when 30 is divided by p.
14
Let d = -1 + -4. Let p be (-3)/d + 24/10. Suppose -p*y + 24 = -0*y. Calculate the remainder when 23 is divided by y.
7
Suppose 6*o - 2*o + 18 = 3*q, -3*q + 3*o + 15 = 0. Suppose 2*u - 35 = -2*u + 3*a, -u - q*a = -17. Calculate the remainder when 19 is divided by u.
8
Suppose 5*x - 5*j - 95 = 0, -3*x - 5*j + 50 = -47. What is the remainder when 118 is divided by x?
22
Suppose 8*d - 647 = 457. What is the remainder when d is divided by 14?
12
Let r = -4 + 6. Let s(f) = 5*f**3 - r*f**2 + 3*f - 2*f - 6*f**3 - 1. What is the remainder when 7 is divided by s(-3)?
2
Let f(x) = -x**3 + 4*x**2 + 12*x + 4. Let l be f(6). Suppose 0 = l*m - 4*c - c - 91, 0 = 3*m + 3*c - 75. Calculate the remainder when 45 is divided by m.
21
Let u(a) = 2*a**2 - a - 2. Let q be ((-14)/21)/(2/(-6)). Suppose 3*b - 5*t - 87 = -0*t, -42 = -2*b - q*t. What is the remainder when b is divided by u(3)?
11
Let s(r) = r**2 + 2*r - 7. Let d = -14 + 17. Suppose -6 = -5*a - d*u, -4*u + 1 = 5*a - 2. What is the remainder when s(-5) is divided by a?
2
Suppose 5*o + 3*g = 7, 0 = -0*o + 4*o - 2*g - 10. Suppose -5*p = -o*p. Calculate the remainder when (p + 95)*(-10)/(-25) is divided by 20.
18
Let y = 27 - -31. Suppose -5 = -u, -2*u + 90 = 4*p - 0*u. Calculate the remainder when y is divided by p.
18
Calculate the remainder when 22/3*147/14 is divided by 26.
25
Let j = -10 - -11. Suppose 0 = -4*b - m + 8, -b + 5*m = -j - 1. Let a(t) = t**3 + 6*t**2 + 4*t - 3. Calculate the remainder when b is divided by a(-5).
0
Suppose 4 = 2*u - 4. Suppose 3*b - u = -t, -t - 2*b + 12 = t. Let o = 10 + t. Calculate the remainder when o is divided by 6.
5
Let k(y) = -9*y + 3. Let i(p) = -4*p + 2. Let n(s) = -5*i(s) + 3*k(s). Let t be n(2). Let g = t + 24. Calculate the remainder when 16 is divided by g.
7
Calculate the remainder when 122 is divided by 100/(-6)*12/(-8).
22
Let x = 19 - 10. Let n(z) = 11*z - 5. Let a be n(5). Let j = -25 + a. Calculate the remainder when j is divided by x.
7
Let s(w) = w**3 - 4*w**2 - 2*w + 1. Let d(g) = 2*g - 3. Let f be d(4). Calculate the remainder when 47 - (2*1)/2 is divided by s(f).
14
Let u(r) = r**3 - 3*r**2 - 4. Calculate the remainder when 20 is divided by u(4).
8
Let w be 1 - (-8*1)/1. Let a = 23 - w. Calculate the remainder when 26 is divided by a.
12
Suppose -2*m = -m - 31. Suppose 0 = 5*a - a - b - 21, -4*b = -5*a + 40. Suppose 5*p + 2*k = 72, k + 53 + 15 = a*p. What is the remainder when m is divided by p?
15
Calculate the remainder when 5/(-15) - 62/(-6) is divided by 4.
2
Suppose 7*c = 4*c + 36. What is the remainder when 59 is divided by c?
11
Let u = 78 + 106. Let b be (0 + 1)/(2/6). Suppose 0 = -2*m + 3*d + 130, -u = -b*m - 0*m - d. What is the remainder when m is divided by 21?
20
Let u(l) = l**3 + 3*l**2 - 5*l - 3. Calculate the remainder when 94*(-1)/(-2) + -1 is divided by u(-3).
10
Let a(m) = 5*m**2 - 1. Let w be a(-1). Let v be ((-2)/w)/(1/(-6)). Suppose -170 = -2*f - v*f. What is the remainder when f is divided by 12?
10
Calculate the remainder when (2368/(-80))/((-2)/5) is divided by 26.
22
Let z = 46 - 29. Suppose 0 = 3*y + h - 30, 0 = 5*y + 5*h + 12 - 72. Calculate the remainder when z is divided by y.
8
Suppose i + 2 = 3*i. What is the remainder when 2 + (-4 + 83)*i is divided by 21?
18
Suppose 2*w - 240 = -2*w. What is the remainder when w is divided by 21?
18
Let r = -508 - -529. Calculate the remainder when r is divided by (4/(-2))/((-1)/3).
3
Let w = -30 + 34. What is the remainder when 6 is divided by w?
2
Let z be ((-6)/(-9)*3)/(-1). Let l(w) = 6*w**2 - 2*w + 1. Suppose -5*x + 22 = -28. Calculate the remainder when l(z) is divided by x.
9
Let z = 11 + -1. What is the remainder when (-456)/(-16) - 2/4 is divided by z?
8
Let o(c) = c**2 - c - 3. Let d be o(4). Suppose d + 26 = 5*n. Calculate the remainder when 13 is divided by n.
6
Suppose 0 = -6*j - j + 56. Calculate the remainder when 21 is divided by j.
5
Suppose 5*m = 136 + 184. Let t = 10 + 3. Calculate the remainder when m is divided by t.
12
Let a(h) = -2*h + 3. Calculate the remainder when 31 is divided by a(-2).
3
Let w(h) = 6*h**2 - h + 2. Suppose r - 22 = 3*j + j, 2*j = -10. What is the remainder when w(r) is divided by (26/1)/(1*2)?
11
Suppose 59 = 5*j - 81. Calculate the remainder when 53 is divided by j.
25
Let z(o) = o**3 + 5*o**2 + 2*o + 6. Let y be z(-5). Let d = 9